factor of 3192 and 39824.
152
Calculate the greatest common divisor of 12 and 1042206.
6
Calculate the greatest common factor of 684 and 23184.
36
Calculate the highest common divisor of 4341 and 57.
3
Calculate the highest common divisor of 110 and 52690.
110
What is the highest common divisor of 702265 and 10?
5
Calculate the highest common divisor of 56 and 11949.
7
Calculate the greatest common factor of 2538 and 750.
6
Calculate the highest common divisor of 1875 and 18.
3
What is the highest common divisor of 18132 and 3492?
12
Calculate the greatest common factor of 18591 and 6.
3
What is the highest common factor of 142207 and 169?
13
What is the highest common divisor of 406 and 2030?
406
What is the highest common factor of 4644 and 892809?
1161
What is the greatest common factor of 5307 and 125721?
183
What is the highest common divisor of 352 and 1256?
8
What is the greatest common factor of 1608705 and 945?
315
Calculate the greatest common factor of 551774 and 3147.
1049
What is the highest common factor of 19020 and 48?
12
Calculate the greatest common factor of 324 and 38232.
324
Calculate the highest common factor of 240 and 75450.
30
Calculate the greatest common divisor of 4025 and 887915.
805
Calculate the highest common factor of 248264 and 8.
8
What is the highest common factor of 15592 and 1456?
8
Calculate the greatest common factor of 2074 and 254797.
61
Calculate the greatest common factor of 22722 and 266.
14
What is the highest common factor of 1410 and 234906?
282
What is the highest common divisor of 65 and 18995?
5
Calculate the greatest common divisor of 64 and 936192.
64
What is the greatest common divisor of 10246 and 9964?
94
Calculate the highest common divisor of 242 and 24266.
22
Calculate the highest common divisor of 60 and 742524.
12
What is the highest common divisor of 121536 and 160?
32
What is the highest common factor of 14490682 and 1174?
1174
Calculate the greatest common divisor of 626 and 98282.
626
Calculate the greatest common factor of 46179 and 49.
7
Calculate the greatest common divisor of 3 and 2239.
1
What is the highest common divisor of 200787 and 102?
51
What is the highest common factor of 242580 and 20540?
260
Calculate the highest common divisor of 11648 and 3536.
208
Calculate the greatest common factor of 16750 and 7973.
67
What is the highest common factor of 834 and 4726?
278
Calculate the highest common factor of 61251 and 1581.
51
Calculate the highest common divisor of 913500 and 378.
126
Calculate the greatest common divisor of 55505 and 85.
85
Calculate the greatest common factor of 544 and 59744.
32
Calculate the greatest common factor of 994656 and 672.
96
What is the highest common factor of 102 and 9622?
34
What is the greatest common divisor of 60714 and 6?
6
What is the highest common divisor of 964451 and 628?
157
What is the greatest common factor of 982982 and 616?
154
Calculate the highest common factor of 117916 and 162494.
1438
What is the greatest common divisor of 30250 and 890?
10
Calculate the greatest common factor of 3365 and 970.
5
What is the highest common factor of 264685 and 5?
5
Calculate the highest common divisor of 26230 and 12986.
86
What is the greatest common factor of 3322 and 7898?
22
Calculate the highest common factor of 475 and 1525.
25
Calculate the greatest common divisor of 1888 and 81892.
236
What is the greatest common factor of 4 and 43502?
2
Calculate the greatest common divisor of 22035 and 91.
13
What is the highest common factor of 4 and 18046?
2
What is the greatest common factor of 119526 and 1386?
66
Calculate the greatest common factor of 4000 and 176.
16
What is the highest common factor of 26 and 1186?
2
What is the greatest common divisor of 170 and 152065?
85
What is the highest common factor of 26035 and 820?
205
Calculate the highest common factor of 2466 and 3582.
18
Calculate the highest common factor of 75 and 3642.
3
What is the highest common factor of 4941 and 17873?
61
What is the highest common factor of 1115 and 20?
5
Calculate the highest common divisor of 16038 and 4554.
198
Calculate the greatest common divisor of 5035657 and 121.
121
Calculate the highest common divisor of 1606 and 12199.
11
What is the greatest common divisor of 443794 and 676?
338
Calculate the highest common factor of 216662 and 2032.
254
Calculate the highest common divisor of 48 and 5700.
12
Calculate the highest common factor of 217038 and 366.
366
What is the highest common factor of 33 and 96063?
33
Calculate the highest common divisor of 976 and 1037488.
976
Calculate the highest common divisor of 10665 and 20935.
395
What is the highest common factor of 5052 and 204?
12
Calculate the greatest common divisor of 32448 and 9126.
1014
What is the greatest common divisor of 4278 and 7222?
46
What is the highest common factor of 986325 and 105?
15
What is the highest common divisor of 60235 and 2485?
35
Calculate the highest common divisor of 42 and 1344.
42
Calculate the greatest common divisor of 16568 and 114.
38
Calculate the highest common factor of 18 and 60258.
6
What is the greatest common factor of 623976 and 72?
24
Calculate the highest common divisor of 1211291 and 2319.
773
Calculate the highest common factor of 150872 and 216.
8
What is the greatest common divisor of 652352 and 768?
64
What is the greatest common factor of 210 and 598290?
210
Calculate the highest common divisor of 768040 and 320.
40
What is the greatest common factor of 3087 and 108?
9
Calculate the greatest common divisor of 52 and 510133.
13
Calculate the greatest common divisor of 758659 and 153.
17
What is the greatest common factor of 816471 and 747?
747
Calculate the greatest common factor of 1443438 and 18.
18
What is the highest common factor of 153151 and 4?
1
Calculate the greatest common factor of 80 and 113944.
8
Calculate the greatest common factor of 2166762 and 39.
39
Calculate the highest common divisor of 302632 and 44888.
1448
What is the greatest common factor of 1272 and 1488?
24
Calculate the greatest common divisor of 672 and 1920912.
336
What is the highest common divisor of 72298 and 74?
74
What is the highest common divisor of 1 and 13859?
1
Calculate the highest common factor of 271058 and 626.
626
What is the highest common divisor of 445823 and 7?
7
Calculate the greatest common factor of 44 and 658625.
11
Calculate the greatest common factor of 1 and 28501.
1
What is the highest common factor of 570 and 65770?
10
What is the greatest common factor of 38985 and 552?
69
Calculate the greatest common factor of 48168 and 1115.
223
What is the highest common divisor of 92250 and 125?
125
What is the highest common divisor of 6656 and 18408?
104
Calculate the highest common factor of 35 and 1631.
7
What is the highest common divisor of 22008 and 336?
168
What is the greatest common factor of 2223917 and 43?
43
Calculate the greatest common factor of 5580 and 135.
45
Calculate the greatest common divisor of 41422 and 8.
2
What is the greatest common divisor of 11907 and 5589?
243
Calculate the greatest common divisor of 14504 and 2695.
49
What is the greatest common factor of 1580 and 190?
10
Calculate the greatest common divisor of 17431 and 93.
1
Calculate the highest common divisor of 1008 and 285516.
252
What is the greatest common factor of 69 and 22931?
23
What is the highest common divisor of 46442 and 66?
22
What is the highest common factor of 312 and 1187472?
312
What is the greatest common divisor of 24 and 1097580?
12
Calculate the highest common divisor of 96 and 124326.
6
What is the greatest common divisor of 3483 and 215?
43
Calculate the greatest common divisor of 520 and 248365.
65
Calculate the greatest common divisor of 8 and 55740.
4
What is the greatest common factor of 1005411 and 33?
33
Calculate the greatest common divisor of 410 and 83750.
10
What is the highest common divisor of 5283 and 14688?
9
What is the greatest common factor of 1330 and 160265?
665
Calculate the highest common divisor of 49446 and 34686.
738
What is the greatest common factor of 225234 and 194?
194
Calculate the highest common divisor of 2 and 63850.
2
Calculate the greatest common factor of 26328 and 3912.
24
Calculate the great